{"id":13,"date":"2019-09-29T16:39:03","date_gmt":"2019-09-29T19:39:03","guid":{"rendered":"http:\/\/www.account-advisers.com\/?page_id=13"},"modified":"2021-03-29T15:57:42","modified_gmt":"2021-03-29T18:57:42","slug":"home","status":"publish","type":"page","link":"https:\/\/www.account-advisers.com\/","title":{"rendered":"account"},"content":{"rendered":"<p>[vc_row][vc_column][vc_raw_html]JTNDYSUyMGlkJTNEJTIyYWJvdXQlMjIlM0UlM0MlMkZhJTNF[\/vc_raw_html][vc_column_text css_animation=&#8221;fadeIn&#8221;]<\/p>\n<h1 style=\"text-align: center;\">ACCOUNT ADVISERS<\/h1>\n<p>[\/vc_column_text][vc_text_separator title=&#8221;Consultoria Empresarial&#8221; css_animation=&#8221;fadeIn&#8221; el_class=&#8221;my-divider&#8221;][vc_empty_space height=&#8221;50&#8243;][\/vc_column][\/vc_row][vc_row][vc_column css=&#8221;.vc_custom_1569797073871{background-color: #f9f9f9 !important;}&#8221;][vc_row_inner][vc_column_inner width=&#8221;1\/2&#8243;][vc_column_text css_animation=&#8221;fadeIn&#8221;]Atuamos com Consultoria h\u00e1 <strong>mais de 30 anos<\/strong>\u00a0em diversos seguimentos empresariais:<\/p>\n<p>Somos especializados em:<\/p>\n<ul>\n<li>Revis\u00e3o cont\u00e1bil e tribut\u00e1ria, mitiga\u00e7\u00e3o de riscos fiscais, planejamento tribut\u00e1rio (diretos e indiretos), <em>compliance,<\/em> boas pr\u00e1ticas cont\u00e1beis internacionais (IFRS);<\/li>\n<li>Atendimento a auditoria interna e externa (<em>big four<\/em>), <em>due diligence<\/em>;<\/li>\n<li>Reorganiza\u00e7\u00e3o administrativa, financeira, societ\u00e1ria (fus\u00e3o, cis\u00e3o, incorpora\u00e7\u00e3o)<em>;<\/em><\/li>\n<li>Elabora\u00e7\u00e3o de <em>cash flow<\/em>,<em> budget<\/em>, <em>forecast<\/em>;<\/li>\n<li>Negocia\u00e7\u00e3o de passivo financeiro, suporte em capita\u00e7\u00e3o de recursos, opera\u00e7\u00f5es financeiras estruturadas (CRI, <em>Sale<\/em> <em>&amp; Lease Back<\/em>);<\/li>\n<li>Participa\u00e7\u00e3o na administra\u00e7\u00e3o de sociedades como Membro do Conselho e\/ou Diretoria Administrativa e Financeira.<\/li>\n<\/ul>\n<p>[\/vc_column_text][\/vc_column_inner][vc_column_inner width=&#8221;1\/2&#8243;][vc_single_image image=&#8221;31&#8243; img_size=&#8221;large&#8221; style=&#8221;vc_box_shadow_3d&#8221; css_animation=&#8221;fadeIn&#8221;][\/vc_column_inner][\/vc_row_inner][vc_empty_space height=&#8221;60&#8243;][\/vc_column][\/vc_row][vc_row][vc_column][vc_empty_space height=&#8221;100px&#8221;][\/vc_column][\/vc_row][vc_row][vc_column][vc_raw_html]JTNDYSUyMGlkJTNEJTIyY2xpZW50cyUyMiUzRSUzQyUyRmElM0U=[\/vc_raw_html][vc_column_text css_animation=&#8221;fadeIn&#8221;]<\/p>\n<h1 style=\"text-align: center;\">Clientes<\/h1>\n<p>[\/vc_column_text][vc_text_separator title=&#8221;conhe\u00e7a nossos principais parceiros&#8221; css_animation=&#8221;fadeIn&#8221;][vc_empty_space height=&#8221;50&#8243;][\/vc_column][\/vc_row][vc_row][vc_column css=&#8221;.vc_custom_1569797073871{background-color: #f9f9f9 !important;}&#8221;][vc_row_inner][vc_column_inner width=&#8221;1\/2&#8243;][vc_single_image image=&#8221;24&#8243; img_size=&#8221;large&#8221; style=&#8221;vc_box_shadow_3d&#8221; css_animation=&#8221;fadeIn&#8221;][\/vc_column_inner][vc_column_inner width=&#8221;1\/2&#8243;][vc_column_text css_animation=&#8221;fadeIn&#8221;]Nossa carteira de clientes \u00e9 composta por empresas de diversos seguimentos, de pequeno, m\u00e9dio e grande porte, nacionais e multinacionais:<\/p>\n<ul>\n<li>Ind\u00fastria aliment\u00edcia, metalomec\u00e2nica, autope\u00e7as;<\/li>\n<li>Infraestrutura, constru\u00e7\u00f5es met\u00e1licas, projetos de gera\u00e7\u00e3o e comercializa\u00e7\u00e3o de energia solar e e\u00f3lica (SPEs);<\/li>\n<li>Agroneg\u00f3cio: cana-de-a\u00e7\u00facar, soja, milho, pecu\u00e1ria;<\/li>\n<li>Produ\u00e7\u00e3o e comercializa\u00e7\u00e3o de biocombust\u00edveis;<\/li>\n<li>Log\u00edstica multimodal;<\/li>\n<li>Investimentos imobili\u00e1rios;<\/li>\n<li><em>e-commerce<\/em>, f\u00e1brica de\u00a0<em>softwares;<\/em><\/li>\n<li><em>Holding <\/em>de participa\u00e7\u00e3o societ\u00e1ria, gest\u00e3o patrimonial de <em>family office,\u00a0<\/em>sucess\u00e3o familiar.<\/li>\n<\/ul>\n<p>[\/vc_column_text][\/vc_column_inner][\/vc_row_inner][vc_empty_space height=&#8221;60&#8243;][\/vc_column][\/vc_row][vc_row][vc_column][vc_empty_space][\/vc_column][\/vc_row][vc_row][vc_column][vc_column_text css_animation=&#8221;fadeIn&#8221;]\t\t\t\t<div class=\"logo-slider-outter lswr-logo-slider-clear\">\n\t\t\t<div class=\"lswr-logo-slider  lswr-template-2  no_effect\" id=\"lswr-logo-slider-1\" data-animation=\"\" >\n\t\t\t\t<div class=\"lswr-logo-inner\" title=\"\">\t\t\n\t\t  \t\t\t\t<div class=\"logo-img-outter\">\t\t\t\n\t\t\t\t\t<img class=\"lswr-logo-image\" src=\"https:\/\/www.account-advisers.com\/wp-content\/uploads\/2019\/09\/1.png\" alt=\"\" \/>\n\t\t\t\t<\/div>\n  \t\t\t\n\t\t<\/div><div class=\"lswr-logo-inner\" title=\"\">\t\t\n\t\t  \t\t\t\t<div class=\"logo-img-outter\">\t\t\t\n\t\t\t\t\t<img class=\"lswr-logo-image\" src=\"https:\/\/www.account-advisers.com\/wp-content\/uploads\/2019\/09\/2.png\" alt=\"\" \/>\n\t\t\t\t<\/div>\n  \t\t\t\n\t\t<\/div><div class=\"lswr-logo-inner\" title=\"\">\t\t\n\t\t  \t\t\t\t<div class=\"logo-img-outter\">\t\t\t\n\t\t\t\t\t<img class=\"lswr-logo-image\" src=\"https:\/\/www.account-advisers.com\/wp-content\/uploads\/2019\/09\/3.png\" alt=\"\" \/>\n\t\t\t\t<\/div>\n  \t\t\t\n\t\t<\/div><div class=\"lswr-logo-inner\" title=\"\">\t\t\n\t\t  \t\t\t\t<div class=\"logo-img-outter\">\t\t\t\n\t\t\t\t\t<img class=\"lswr-logo-image\" src=\"https:\/\/www.account-advisers.com\/wp-content\/uploads\/2019\/09\/4.png\" alt=\"\" \/>\n\t\t\t\t<\/div>\n  \t\t\t\n\t\t<\/div><div class=\"lswr-logo-inner\" title=\"\">\t\t\n\t\t  \t\t\t\t<div class=\"logo-img-outter\">\t\t\t\n\t\t\t\t\t<img class=\"lswr-logo-image\" src=\"https:\/\/www.account-advisers.com\/wp-content\/uploads\/2019\/09\/5.png\" alt=\"\" \/>\n\t\t\t\t<\/div>\n  \t\t\t\n\t\t<\/div><div class=\"lswr-logo-inner\" title=\"\">\t\t\n\t\t  \t\t\t\t<div class=\"logo-img-outter\">\t\t\t\n\t\t\t\t\t<img class=\"lswr-logo-image\" src=\"https:\/\/www.account-advisers.com\/wp-content\/uploads\/2019\/09\/6.png\" alt=\"\" \/>\n\t\t\t\t<\/div>\n  \t\t\t\n\t\t<\/div><div class=\"lswr-logo-inner\" title=\"\">\t\t\n\t\t  \t\t\t\t<div class=\"logo-img-outter\">\t\t\t\n\t\t\t\t\t<img class=\"lswr-logo-image\" src=\"https:\/\/www.account-advisers.com\/wp-content\/uploads\/2019\/09\/7.png\" alt=\"\" \/>\n\t\t\t\t<\/div>\n  \t\t\t\n\t\t<\/div><div class=\"lswr-logo-inner\" title=\"\">\t\t\n\t\t  \t\t\t\t<div class=\"logo-img-outter\">\t\t\t\n\t\t\t\t\t<img class=\"lswr-logo-image\" src=\"https:\/\/www.account-advisers.com\/wp-content\/uploads\/2019\/09\/8.png\" alt=\"\" \/>\n\t\t\t\t<\/div>\n  \t\t\t\n\t\t<\/div><div class=\"lswr-logo-inner\" title=\"\">\t\t\n\t\t  \t\t\t\t<div class=\"logo-img-outter\">\t\t\t\n\t\t\t\t\t<img class=\"lswr-logo-image\" src=\"https:\/\/www.account-advisers.com\/wp-content\/uploads\/2019\/09\/9.png\" alt=\"\" \/>\n\t\t\t\t<\/div>\n  \t\t\t\n\t\t<\/div><div class=\"lswr-logo-inner\" title=\"\">\t\t\n\t\t  \t\t\t\t<div class=\"logo-img-outter\">\t\t\t\n\t\t\t\t\t<img class=\"lswr-logo-image\" src=\"https:\/\/www.account-advisers.com\/wp-content\/uploads\/2019\/09\/10.png\" alt=\"\" \/>\n\t\t\t\t<\/div>\n  \t\t\t\n\t\t<\/div><div class=\"lswr-logo-inner\" title=\"\">\t\t\n\t\t  \t\t\t\t<div class=\"logo-img-outter\">\t\t\t\n\t\t\t\t\t<img class=\"lswr-logo-image\" src=\"https:\/\/www.account-advisers.com\/wp-content\/uploads\/2019\/09\/11.png\" alt=\"\" \/>\n\t\t\t\t<\/div>\n  \t\t\t\n\t\t<\/div><div class=\"lswr-logo-inner\" title=\"\">\t\t\n\t\t  \t\t\t\t<div class=\"logo-img-outter\">\t\t\t\n\t\t\t\t\t<img class=\"lswr-logo-image\" src=\"https:\/\/www.account-advisers.com\/wp-content\/uploads\/2019\/09\/12.png\" alt=\"\" \/>\n\t\t\t\t<\/div>\n  \t\t\t\n\t\t<\/div><div class=\"lswr-logo-inner\" title=\"\">\t\t\n\t\t  \t\t\t\t<div class=\"logo-img-outter\">\t\t\t\n\t\t\t\t\t<img class=\"lswr-logo-image\" src=\"https:\/\/www.account-advisers.com\/wp-content\/uploads\/2019\/09\/13.png\" alt=\"\" \/>\n\t\t\t\t<\/div>\n  \t\t\t\n\t\t<\/div><div class=\"lswr-logo-inner\" title=\"\">\t\t\n\t\t  \t\t\t\t<div class=\"logo-img-outter\">\t\t\t\n\t\t\t\t\t<img class=\"lswr-logo-image\" src=\"https:\/\/www.account-advisers.com\/wp-content\/uploads\/2019\/09\/14.png\" alt=\"\" \/>\n\t\t\t\t<\/div>\n  \t\t\t\n\t\t<\/div><div class=\"lswr-logo-inner\" title=\"\">\t\t\n\t\t  \t\t\t\t<div class=\"logo-img-outter\">\t\t\t\n\t\t\t\t\t<img class=\"lswr-logo-image\" src=\"https:\/\/www.account-advisers.com\/wp-content\/uploads\/2019\/09\/15.png\" alt=\"\" \/>\n\t\t\t\t<\/div>\n  \t\t\t\n\t\t<\/div><div class=\"lswr-logo-inner\" title=\"\">\t\t\n\t\t  \t\t\t\t<div class=\"logo-img-outter\">\t\t\t\n\t\t\t\t\t<img class=\"lswr-logo-image\" src=\"https:\/\/www.account-advisers.com\/wp-content\/uploads\/2019\/09\/16.png\" alt=\"\" \/>\n\t\t\t\t<\/div>\n  \t\t\t\n\t\t<\/div><div class=\"lswr-logo-inner\" title=\"\">\t\t\n\t\t  \t\t\t\t<div class=\"logo-img-outter\">\t\t\t\n\t\t\t\t\t<img class=\"lswr-logo-image\" src=\"https:\/\/www.account-advisers.com\/wp-content\/uploads\/2019\/09\/17.png\" alt=\"\" \/>\n\t\t\t\t<\/div>\n  \t\t\t\n\t\t<\/div><div class=\"lswr-logo-inner\" title=\"\">\t\t\n\t\t  \t\t\t\t<div class=\"logo-img-outter\">\t\t\t\n\t\t\t\t\t<img class=\"lswr-logo-image\" src=\"https:\/\/www.account-advisers.com\/wp-content\/uploads\/2019\/09\/19.png\" alt=\"\" \/>\n\t\t\t\t<\/div>\n  \t\t\t\n\t\t<\/div><div class=\"lswr-logo-inner\" title=\"\">\t\t\n\t\t  \t\t\t\t<div class=\"logo-img-outter\">\t\t\t\n\t\t\t\t\t<img class=\"lswr-logo-image\" src=\"https:\/\/www.account-advisers.com\/wp-content\/uploads\/2019\/09\/20.png\" alt=\"\" \/>\n\t\t\t\t<\/div>\n  \t\t\t\n\t\t<\/div><div class=\"lswr-logo-inner\" title=\"\">\t\t\n\t\t  \t\t\t\t<div class=\"logo-img-outter\">\t\t\t\n\t\t\t\t\t<img class=\"lswr-logo-image\" src=\"https:\/\/www.account-advisers.com\/wp-content\/uploads\/2019\/09\/21.png\" alt=\"\" \/>\n\t\t\t\t<\/div>\n  \t\t\t\n\t\t<\/div><div class=\"lswr-logo-inner\" title=\"\">\t\t\n\t\t  \t\t\t\t<div class=\"logo-img-outter\">\t\t\t\n\t\t\t\t\t<img class=\"lswr-logo-image\" src=\"https:\/\/www.account-advisers.com\/wp-content\/uploads\/2019\/09\/22.png\" alt=\"\" \/>\n\t\t\t\t<\/div>\n  \t\t\t\n\t\t<\/div>              \n\t\t\t<\/div>\n\t\t\t<div class=\"lswr-logo-slider-js-call\" data-conf=\"{&quot;slides_column&quot;:&quot;4&quot;,&quot;slides_scroll&quot;:&quot;1&quot;,&quot;dots&quot;:&quot;false&quot;,&quot;arrows&quot;:&quot;true&quot;,&quot;rows&quot;:1,&quot;autoplay&quot;:&quot;true&quot;,&quot;autoplay_interval&quot;:&quot;2000&quot;,&quot;loop&quot;:&quot;true&quot;,&quot;ticker&quot;:&quot;false&quot;,&quot;speed&quot;:&quot;1000&quot;,&quot;center_mode&quot;:&quot;false&quot;}\"><\/div>\n\t\t<\/div>\n\t\t[\/vc_column_text][vc_row_inner][vc_column_inner][\/vc_column_inner][\/vc_row_inner][\/vc_column][\/vc_row][vc_row][vc_column][vc_raw_html]JTNDYSUyMGlkJTNEJTIyY29udGFjdCUyMiUzRSUzQyUyRmElM0U=[\/vc_raw_html][vc_column_text]<\/p>\n<h3 style=\"text-align: center;\">Trabalhamos tamb\u00e9m com Contabilidade Online!<\/h3>\n<p style=\"text-align: center;\">Cuide do seu neg\u00f3cio &#8230; deixe a burocracia com a gente.<\/p>\n<p>[\/vc_column_text][\/vc_column][\/vc_row][vc_row][vc_column][vc_empty_space height=&#8221;100&#8243;][vc_row_inner][vc_column_inner width=&#8221;1\/2&#8243;][vc_column_text css=&#8221;.vc_custom_1617039975737{margin-bottom: 20px !important;}&#8221;]<\/p>\n<p style=\"line-height: 17.25pt; background: white; margin: 0cm 0cm 15.0pt 0cm;\"><span style=\"font-size: 13.5pt; font-family: Roboto; color: #777777;\">Agradecemos sua visita! <\/span><\/p>\n<p style=\"line-height: 17.25pt; background: white; margin: 0cm 0cm 15.0pt 0cm;\"><span style=\"font-size: 13.5pt; font-family: Roboto; color: #777777;\">Deixe seu recado que retornaremos em breve.<\/span><\/p>\n<p style=\"line-height: 17.25pt; background: white; margin: 0cm 0cm 15.0pt 0cm;\"><span style=\"font-size: 13.5pt; font-family: Roboto; color: #777777;\">WhatsApp:<\/span><\/p>\n<p><img loading=\"lazy\" class=\"alignnone wp-image-189\" src=\"http:\/\/www.account-advisers.com\/wp-content\/uploads\/2021\/03\/phone-131964784943439862-150x150.png\" alt=\"\" width=\"12\" height=\"12\" srcset=\"https:\/\/www.account-advisers.com\/wp-content\/uploads\/2021\/03\/phone-131964784943439862-150x150.png 150w, https:\/\/www.account-advisers.com\/wp-content\/uploads\/2021\/03\/phone-131964784943439862-300x300.png 300w, https:\/\/www.account-advisers.com\/wp-content\/uploads\/2021\/03\/phone-131964784943439862-350x350.png 350w, https:\/\/www.account-advisers.com\/wp-content\/uploads\/2021\/03\/phone-131964784943439862.png 512w\" sizes=\"(max-width: 12px) 100vw, 12px\" \/> (12) 9 9218-6042<br \/>\n<img loading=\"lazy\" class=\"alignnone wp-image-189\" src=\"http:\/\/www.account-advisers.com\/wp-content\/uploads\/2021\/03\/phone-131964784943439862-150x150.png\" alt=\"\" width=\"12\" height=\"12\" srcset=\"https:\/\/www.account-advisers.com\/wp-content\/uploads\/2021\/03\/phone-131964784943439862-150x150.png 150w, https:\/\/www.account-advisers.com\/wp-content\/uploads\/2021\/03\/phone-131964784943439862-300x300.png 300w, https:\/\/www.account-advisers.com\/wp-content\/uploads\/2021\/03\/phone-131964784943439862-350x350.png 350w, https:\/\/www.account-advisers.com\/wp-content\/uploads\/2021\/03\/phone-131964784943439862.png 512w\" sizes=\"(max-width: 12px) 100vw, 12px\" \/> (11) 9 7483-8860<\/p>\n<p><img loading=\"lazy\" class=\"alignnone wp-image-190\" src=\"http:\/\/www.account-advisers.com\/wp-content\/uploads\/2021\/03\/bb18bdbbef437b2d50518db5a8292c94-300x214.png\" alt=\"\" width=\"11\" height=\"8\" srcset=\"https:\/\/www.account-advisers.com\/wp-content\/uploads\/2021\/03\/bb18bdbbef437b2d50518db5a8292c94-300x214.png 300w, https:\/\/www.account-advisers.com\/wp-content\/uploads\/2021\/03\/bb18bdbbef437b2d50518db5a8292c94-768x548.png 768w, https:\/\/www.account-advisers.com\/wp-content\/uploads\/2021\/03\/bb18bdbbef437b2d50518db5a8292c94-1024x731.png 1024w, https:\/\/www.account-advisers.com\/wp-content\/uploads\/2021\/03\/bb18bdbbef437b2d50518db5a8292c94-800x500.png 800w, https:\/\/www.account-advisers.com\/wp-content\/uploads\/2021\/03\/bb18bdbbef437b2d50518db5a8292c94-750x450.png 750w, https:\/\/www.account-advisers.com\/wp-content\/uploads\/2021\/03\/bb18bdbbef437b2d50518db5a8292c94-550x350.png 550w\" sizes=\"(max-width: 11px) 100vw, 11px\" \/> marcos.camargo@account-advisers.com[\/vc_column_text][\/vc_column_inner][vc_column_inner width=&#8221;1\/2&#8243;][vc_single_image image=&#8221;28&#8243; img_size=&#8221;large&#8221; style=&#8221;vc_box_shadow_3d&#8221; css_animation=&#8221;fadeIn&#8221;][\/vc_column_inner][\/vc_row_inner][\/vc_column][\/vc_row]<\/p>\n","protected":false},"excerpt":{"rendered":"<p>[vc_row][vc_column][vc_raw_html]JTNDYSUyMGlkJTNEJTIyYWJvdXQlMjIlM0UlM0MlMkZhJTNF[\/vc_raw_html][vc_column_text css_animation=&#8221;fadeIn&#8221;] ACCOUNT ADVISERS [\/vc_column_text][vc_text_separator title=&#8221;Consultoria Empresarial&#8221; css_animation=&#8221;fadeIn&#8221; el_class=&#8221;my-divider&#8221;][vc_empty_space height=&#8221;50&#8243;][\/vc_column][\/vc_row][vc_row][vc_column css=&#8221;.vc_custom_1569797073871{background-color: #f9f9f9 !important;}&#8221;][vc_row_inner][vc_column_inner width=&#8221;1\/2&#8243;][vc_column_text css_animation=&#8221;fadeIn&#8221;]Atuamos com Consultoria h\u00e1 mais de 30 anos\u00a0em diversos seguimentos empresariais: Somos especializados em: Revis\u00e3o cont\u00e1bil e tribut\u00e1ria, mitiga\u00e7\u00e3o de riscos fiscais, planejamento tribut\u00e1rio (diretos e indiretos), compliance, boas pr\u00e1ticas cont\u00e1beis internacionais (IFRS); Atendimento a auditoria interna e externa (big four), [&hellip;]<\/p>\n","protected":false},"author":1,"featured_media":0,"parent":0,"menu_order":0,"comment_status":"closed","ping_status":"closed","template":"","meta":[],"_links":{"self":[{"href":"https:\/\/www.account-advisers.com\/index.php\/wp-json\/wp\/v2\/pages\/13"}],"collection":[{"href":"https:\/\/www.account-advisers.com\/index.php\/wp-json\/wp\/v2\/pages"}],"about":[{"href":"https:\/\/www.account-advisers.com\/index.php\/wp-json\/wp\/v2\/types\/page"}],"author":[{"embeddable":true,"href":"https:\/\/www.account-advisers.com\/index.php\/wp-json\/wp\/v2\/users\/1"}],"replies":[{"embeddable":true,"href":"https:\/\/www.account-advisers.com\/index.php\/wp-json\/wp\/v2\/comments?post=13"}],"version-history":[{"count":63,"href":"https:\/\/www.account-advisers.com\/index.php\/wp-json\/wp\/v2\/pages\/13\/revisions"}],"predecessor-version":[{"id":215,"href":"https:\/\/www.account-advisers.com\/index.php\/wp-json\/wp\/v2\/pages\/13\/revisions\/215"}],"wp:attachment":[{"href":"https:\/\/www.account-advisers.com\/index.php\/wp-json\/wp\/v2\/media?parent=13"}],"curies":[{"name":"wp","href":"https:\/\/api.w.org\/{rel}","templated":true}]}}